{"id":157,"date":"2024-04-09T00:03:44","date_gmt":"2024-04-09T00:03:44","guid":{"rendered":"https:\/\/angusdestinationneuroinclusive.com\/?page_id=157"},"modified":"2024-04-09T16:52:36","modified_gmt":"2024-04-09T16:52:36","slug":"lalliance","status":"publish","type":"page","link":"https:\/\/angusdestinationneuroinclusive.com\/index.php\/lalliance\/","title":{"rendered":"L&rsquo;alliance"},"content":{"rendered":"\t\t<div data-elementor-type=\"wp-page\" data-elementor-id=\"157\" class=\"elementor elementor-157\" data-elementor-post-type=\"page\">\n\t\t\t\t<div class=\"elementor-element elementor-element-70f414c e-flex e-con-boxed e-con e-parent\" data-id=\"70f414c\" data-element_type=\"container\" data-settings=\"{&quot;content_width&quot;:&quot;boxed&quot;}\" data-core-v316-plus=\"true\">\n\t\t\t\t\t<div class=\"e-con-inner\">\n\t\t\t\t<div class=\"elementor-element elementor-element-14536fa elementor-widget elementor-widget-heading\" data-id=\"14536fa\" data-element_type=\"widget\" data-widget_type=\"heading.default\">\n\t\t\t\t<div class=\"elementor-widget-container\">\n\t\t\t<style>\/*! elementor - v3.19.0 - 07-02-2024 *\/\n.elementor-heading-title{padding:0;margin:0;line-height:1}.elementor-widget-heading .elementor-heading-title[class*=elementor-size-]>a{color:inherit;font-size:inherit;line-height:inherit}.elementor-widget-heading .elementor-heading-title.elementor-size-small{font-size:15px}.elementor-widget-heading .elementor-heading-title.elementor-size-medium{font-size:19px}.elementor-widget-heading .elementor-heading-title.elementor-size-large{font-size:29px}.elementor-widget-heading .elementor-heading-title.elementor-size-xl{font-size:39px}.elementor-widget-heading .elementor-heading-title.elementor-size-xxl{font-size:59px}<\/style><h1 class=\"elementor-heading-title elementor-size-default\">L'alliance<\/h1>\t\t<\/div>\n\t\t\t\t<\/div>\n\t\t\t\t<div class=\"elementor-element elementor-element-616beb9 elementor-widget elementor-widget-text-editor\" data-id=\"616beb9\" data-element_type=\"widget\" data-widget_type=\"text-editor.default\">\n\t\t\t\t<div class=\"elementor-widget-container\">\n\t\t\t<style>\/*! elementor - v3.19.0 - 07-02-2024 *\/\n.elementor-widget-text-editor.elementor-drop-cap-view-stacked .elementor-drop-cap{background-color:#69727d;color:#fff}.elementor-widget-text-editor.elementor-drop-cap-view-framed .elementor-drop-cap{color:#69727d;border:3px solid;background-color:transparent}.elementor-widget-text-editor:not(.elementor-drop-cap-view-default) .elementor-drop-cap{margin-top:8px}.elementor-widget-text-editor:not(.elementor-drop-cap-view-default) .elementor-drop-cap-letter{width:1em;height:1em}.elementor-widget-text-editor .elementor-drop-cap{float:left;text-align:center;line-height:1;font-size:50px}.elementor-widget-text-editor .elementor-drop-cap-letter{display:inline-block}<\/style>\t\t\t\t<p>Rejoignez l\u2019Alliance Angus Destination Neuroinclusive, votre porte d\u2019entr\u00e9e vers les services en employabilit\u00e9 neuroinclusive offerts par \u00c0 pas de g\u00e9ant pour la communaut\u00e9 d\u2019Angus et de l\u2019Est de Montr\u00e9al!<\/p><p>Tout ce qui vous est demand\u00e9, c\u2019est un engagement \u00e0 soutenir la vision de faire du quartier Angus et l\u2019Est de Montr\u00e9al la destination la plus neuroinclusive du Qu\u00e9bec. Collaborez avec \u00c0 pas de g\u00e9ant pour vos solutions de formation en neuroinclusion au travail ou d\u2019embauche inclusive par l\u2019interm\u00e9diaire du programme Pr\u00eats, disponibles et capables (PDC) et de nos partenaires en employabilit\u00e9.<\/p><p>En devenant membre de l\u2019Alliance ADN, votre organisation d\u00e9veloppera des strat\u00e9gies efficaces pour mieux soutenir les personnes autistes pr\u00eates, disponibles et capables de travailler, tout en cr\u00e9ant unmilieu d\u2019emploi respectueux de la neurodiversit\u00e9.<\/p>\t\t\t\t\t\t<\/div>\n\t\t\t\t<\/div>\n\t\t\t\t\t<\/div>\n\t\t\t\t<\/div>\n\t\t<div class=\"elementor-element elementor-element-730c1cd e-flex e-con-boxed e-con e-parent\" data-id=\"730c1cd\" data-element_type=\"container\" data-settings=\"{&quot;content_width&quot;:&quot;boxed&quot;}\" data-core-v316-plus=\"true\">\n\t\t\t\t\t<div class=\"e-con-inner\">\n\t\t<div class=\"elementor-element elementor-element-dd6d6b9 e-con-full e-flex e-con e-child\" data-id=\"dd6d6b9\" data-element_type=\"container\" data-settings=\"{&quot;content_width&quot;:&quot;full&quot;}\">\n\t\t\t\t<div class=\"elementor-element elementor-element-9ba542d elementor-widget elementor-widget-heading\" data-id=\"9ba542d\" data-element_type=\"widget\" data-widget_type=\"heading.default\">\n\t\t\t\t<div class=\"elementor-widget-container\">\n\t\t\t<h2 class=\"elementor-heading-title elementor-size-default\">1<\/h2>\t\t<\/div>\n\t\t\t\t<\/div>\n\t\t\t\t<div class=\"elementor-element elementor-element-cba1ffd elementor-widget-divider--view-line elementor-widget elementor-widget-divider\" data-id=\"cba1ffd\" data-element_type=\"widget\" data-widget_type=\"divider.default\">\n\t\t\t\t<div class=\"elementor-widget-container\">\n\t\t\t<style>\/*! elementor - v3.19.0 - 07-02-2024 *\/\n.elementor-widget-divider{--divider-border-style:none;--divider-border-width:1px;--divider-color:#0c0d0e;--divider-icon-size:20px;--divider-element-spacing:10px;--divider-pattern-height:24px;--divider-pattern-size:20px;--divider-pattern-url:none;--divider-pattern-repeat:repeat-x}.elementor-widget-divider .elementor-divider{display:flex}.elementor-widget-divider .elementor-divider__text{font-size:15px;line-height:1;max-width:95%}.elementor-widget-divider .elementor-divider__element{margin:0 var(--divider-element-spacing);flex-shrink:0}.elementor-widget-divider .elementor-icon{font-size:var(--divider-icon-size)}.elementor-widget-divider .elementor-divider-separator{display:flex;margin:0;direction:ltr}.elementor-widget-divider--view-line_icon .elementor-divider-separator,.elementor-widget-divider--view-line_text .elementor-divider-separator{align-items:center}.elementor-widget-divider--view-line_icon .elementor-divider-separator:after,.elementor-widget-divider--view-line_icon .elementor-divider-separator:before,.elementor-widget-divider--view-line_text .elementor-divider-separator:after,.elementor-widget-divider--view-line_text .elementor-divider-separator:before{display:block;content:\"\";border-block-end:0;flex-grow:1;border-block-start:var(--divider-border-width) var(--divider-border-style) var(--divider-color)}.elementor-widget-divider--element-align-left .elementor-divider .elementor-divider-separator>.elementor-divider__svg:first-of-type{flex-grow:0;flex-shrink:100}.elementor-widget-divider--element-align-left .elementor-divider-separator:before{content:none}.elementor-widget-divider--element-align-left .elementor-divider__element{margin-left:0}.elementor-widget-divider--element-align-right .elementor-divider .elementor-divider-separator>.elementor-divider__svg:last-of-type{flex-grow:0;flex-shrink:100}.elementor-widget-divider--element-align-right .elementor-divider-separator:after{content:none}.elementor-widget-divider--element-align-right .elementor-divider__element{margin-right:0}.elementor-widget-divider--element-align-start .elementor-divider .elementor-divider-separator>.elementor-divider__svg:first-of-type{flex-grow:0;flex-shrink:100}.elementor-widget-divider--element-align-start .elementor-divider-separator:before{content:none}.elementor-widget-divider--element-align-start .elementor-divider__element{margin-inline-start:0}.elementor-widget-divider--element-align-end .elementor-divider .elementor-divider-separator>.elementor-divider__svg:last-of-type{flex-grow:0;flex-shrink:100}.elementor-widget-divider--element-align-end .elementor-divider-separator:after{content:none}.elementor-widget-divider--element-align-end .elementor-divider__element{margin-inline-end:0}.elementor-widget-divider:not(.elementor-widget-divider--view-line_text):not(.elementor-widget-divider--view-line_icon) .elementor-divider-separator{border-block-start:var(--divider-border-width) var(--divider-border-style) var(--divider-color)}.elementor-widget-divider--separator-type-pattern{--divider-border-style:none}.elementor-widget-divider--separator-type-pattern.elementor-widget-divider--view-line .elementor-divider-separator,.elementor-widget-divider--separator-type-pattern:not(.elementor-widget-divider--view-line) .elementor-divider-separator:after,.elementor-widget-divider--separator-type-pattern:not(.elementor-widget-divider--view-line) .elementor-divider-separator:before,.elementor-widget-divider--separator-type-pattern:not([class*=elementor-widget-divider--view]) .elementor-divider-separator{width:100%;min-height:var(--divider-pattern-height);-webkit-mask-size:var(--divider-pattern-size) 100%;mask-size:var(--divider-pattern-size) 100%;-webkit-mask-repeat:var(--divider-pattern-repeat);mask-repeat:var(--divider-pattern-repeat);background-color:var(--divider-color);-webkit-mask-image:var(--divider-pattern-url);mask-image:var(--divider-pattern-url)}.elementor-widget-divider--no-spacing{--divider-pattern-size:auto}.elementor-widget-divider--bg-round{--divider-pattern-repeat:round}.rtl .elementor-widget-divider .elementor-divider__text{direction:rtl}.e-con-inner>.elementor-widget-divider,.e-con>.elementor-widget-divider{width:var(--container-widget-width,100%);--flex-grow:var(--container-widget-flex-grow)}<\/style>\t\t<div class=\"elementor-divider\">\n\t\t\t<span class=\"elementor-divider-separator\">\n\t\t\t\t\t\t<\/span>\n\t\t<\/div>\n\t\t\t\t<\/div>\n\t\t\t\t<\/div>\n\t\t\t\t<div class=\"elementor-element elementor-element-f88d7bf elementor-widget elementor-widget-heading\" data-id=\"f88d7bf\" data-element_type=\"widget\" data-widget_type=\"heading.default\">\n\t\t\t\t<div class=\"elementor-widget-container\">\n\t\t\t<h2 class=\"elementor-heading-title elementor-size-default\">Soutien en continu<\/h2>\t\t<\/div>\n\t\t\t\t<\/div>\n\t\t\t\t<div class=\"elementor-element elementor-element-ea55d91 elementor-widget elementor-widget-text-editor\" data-id=\"ea55d91\" data-element_type=\"widget\" data-widget_type=\"text-editor.default\">\n\t\t\t\t<div class=\"elementor-widget-container\">\n\t\t\t\t\t\t\t<p style=\"text-align: center;\">Obtenez un soutien en continu offert par le service de coordination en employabilit\u00e9 neuroinclusive d\u2019\u00c0 pas de g\u00e9ant.<\/p>\t\t\t\t\t\t<\/div>\n\t\t\t\t<\/div>\n\t\t\t\t<\/div>\n\t\t<div class=\"elementor-element elementor-element-97361e7 e-con-full e-flex e-con e-child\" data-id=\"97361e7\" data-element_type=\"container\" data-settings=\"{&quot;content_width&quot;:&quot;full&quot;}\">\n\t\t\t\t<div class=\"elementor-element elementor-element-0f723ca elementor-widget elementor-widget-heading\" data-id=\"0f723ca\" data-element_type=\"widget\" data-widget_type=\"heading.default\">\n\t\t\t\t<div class=\"elementor-widget-container\">\n\t\t\t<h2 class=\"elementor-heading-title elementor-size-default\">2<\/h2>\t\t<\/div>\n\t\t\t\t<\/div>\n\t\t\t\t<div class=\"elementor-element elementor-element-572e622 elementor-widget-divider--view-line elementor-widget elementor-widget-divider\" data-id=\"572e622\" data-element_type=\"widget\" data-widget_type=\"divider.default\">\n\t\t\t\t<div class=\"elementor-widget-container\">\n\t\t\t\t\t<div class=\"elementor-divider\">\n\t\t\t<span class=\"elementor-divider-separator\">\n\t\t\t\t\t\t<\/span>\n\t\t<\/div>\n\t\t\t\t<\/div>\n\t\t\t\t<\/div>\n\t\t\t\t<div class=\"elementor-element elementor-element-86f2836 elementor-widget elementor-widget-heading\" data-id=\"86f2836\" data-element_type=\"widget\" data-widget_type=\"heading.default\">\n\t\t\t\t<div class=\"elementor-widget-container\">\n\t\t\t<h2 class=\"elementor-heading-title elementor-size-default\">Outils et formations<\/h2>\t\t<\/div>\n\t\t\t\t<\/div>\n\t\t\t\t<div class=\"elementor-element elementor-element-6ea0433 elementor-widget elementor-widget-text-editor\" data-id=\"6ea0433\" data-element_type=\"widget\" data-widget_type=\"text-editor.default\">\n\t\t\t\t<div class=\"elementor-widget-container\">\n\t\t\t\t\t\t\t<p style=\"text-align: center;\">Acc\u00e9dez \u00e0 des outils et \u00e0 des formations portant sur la neuroinclusion et l\u2019exp\u00e9rience client inclusive. d\u2019adaptation au besoin.<\/p>\t\t\t\t\t\t<\/div>\n\t\t\t\t<\/div>\n\t\t\t\t<\/div>\n\t\t<div class=\"elementor-element elementor-element-a68681d e-con-full e-flex e-con e-child\" data-id=\"a68681d\" data-element_type=\"container\" data-settings=\"{&quot;content_width&quot;:&quot;full&quot;}\">\n\t\t\t\t<div class=\"elementor-element elementor-element-de81074 elementor-widget elementor-widget-heading\" data-id=\"de81074\" data-element_type=\"widget\" data-widget_type=\"heading.default\">\n\t\t\t\t<div class=\"elementor-widget-container\">\n\t\t\t<h2 class=\"elementor-heading-title elementor-size-default\">3<\/h2>\t\t<\/div>\n\t\t\t\t<\/div>\n\t\t\t\t<div class=\"elementor-element elementor-element-b91e8c3 elementor-widget-divider--view-line elementor-widget elementor-widget-divider\" data-id=\"b91e8c3\" data-element_type=\"widget\" data-widget_type=\"divider.default\">\n\t\t\t\t<div class=\"elementor-widget-container\">\n\t\t\t\t\t<div class=\"elementor-divider\">\n\t\t\t<span class=\"elementor-divider-separator\">\n\t\t\t\t\t\t<\/span>\n\t\t<\/div>\n\t\t\t\t<\/div>\n\t\t\t\t<\/div>\n\t\t\t\t<div class=\"elementor-element elementor-element-39c0ec1 elementor-widget elementor-widget-heading\" data-id=\"39c0ec1\" data-element_type=\"widget\" data-widget_type=\"heading.default\">\n\t\t\t\t<div class=\"elementor-widget-container\">\n\t\t\t<h2 class=\"elementor-heading-title elementor-size-default\">Visibilit\u00e9 rehauss\u00e9e<\/h2>\t\t<\/div>\n\t\t\t\t<\/div>\n\t\t\t\t<div class=\"elementor-element elementor-element-5103a33 elementor-widget elementor-widget-text-editor\" data-id=\"5103a33\" data-element_type=\"widget\" data-widget_type=\"text-editor.default\">\n\t\t\t\t<div class=\"elementor-widget-container\">\n\t\t\t\t\t\t\t<p style=\"text-align: center;\">Offrez \u00e0 votre entreprise une visibilit\u00e9 rehauss\u00e9e sur le portail web Angus<br \/>Destination Neuroinclusive.<\/p>\t\t\t\t\t\t<\/div>\n\t\t\t\t<\/div>\n\t\t\t\t<\/div>\n\t\t<div class=\"elementor-element elementor-element-5c90aed e-con-full e-flex e-con e-child\" data-id=\"5c90aed\" data-element_type=\"container\" data-settings=\"{&quot;content_width&quot;:&quot;full&quot;}\">\n\t\t\t\t<div class=\"elementor-element elementor-element-56c43cc elementor-widget elementor-widget-heading\" data-id=\"56c43cc\" data-element_type=\"widget\" data-widget_type=\"heading.default\">\n\t\t\t\t<div class=\"elementor-widget-container\">\n\t\t\t<h2 class=\"elementor-heading-title elementor-size-default\">4<\/h2>\t\t<\/div>\n\t\t\t\t<\/div>\n\t\t\t\t<div class=\"elementor-element elementor-element-dbbf7f6 elementor-widget-divider--view-line elementor-widget elementor-widget-divider\" data-id=\"dbbf7f6\" data-element_type=\"widget\" data-widget_type=\"divider.default\">\n\t\t\t\t<div class=\"elementor-widget-container\">\n\t\t\t\t\t<div class=\"elementor-divider\">\n\t\t\t<span class=\"elementor-divider-separator\">\n\t\t\t\t\t\t<\/span>\n\t\t<\/div>\n\t\t\t\t<\/div>\n\t\t\t\t<\/div>\n\t\t\t\t<div class=\"elementor-element elementor-element-36bcf7f elementor-widget elementor-widget-heading\" data-id=\"36bcf7f\" data-element_type=\"widget\" data-widget_type=\"heading.default\">\n\t\t\t\t<div class=\"elementor-widget-container\">\n\t\t\t<h2 class=\"elementor-heading-title elementor-size-default\">Privil\u00e8ges VIP<\/h2>\t\t<\/div>\n\t\t\t\t<\/div>\n\t\t\t\t<div class=\"elementor-element elementor-element-867cbb8 elementor-widget elementor-widget-text-editor\" data-id=\"867cbb8\" data-element_type=\"widget\" data-widget_type=\"text-editor.default\">\n\t\t\t\t<div class=\"elementor-widget-container\">\n\t\t\t\t\t\t\t<p style=\"text-align: center;\">Soyez aux premi\u00e8res loges pour ce qui est des privil\u00e8ges r\u00e9serv\u00e9s aux membres!<\/p>\t\t\t\t\t\t<\/div>\n\t\t\t\t<\/div>\n\t\t\t\t<\/div>\n\t\t\t\t\t<\/div>\n\t\t\t\t<\/div>\n\t\t<div class=\"elementor-element elementor-element-db34d8e e-flex e-con-boxed e-con e-parent\" data-id=\"db34d8e\" data-element_type=\"container\" data-settings=\"{&quot;background_background&quot;:&quot;classic&quot;,&quot;content_width&quot;:&quot;boxed&quot;}\" data-core-v316-plus=\"true\">\n\t\t\t\t\t<div class=\"e-con-inner\">\n\t\t\t\t<div class=\"elementor-element elementor-element-51ed08a elementor-widget elementor-widget-text-editor\" data-id=\"51ed08a\" data-element_type=\"widget\" data-widget_type=\"text-editor.default\">\n\t\t\t\t<div class=\"elementor-widget-container\">\n\t\t\t\t\t\t\t<h4 style=\"text-align: center;\">Visitez le portail web des entreprises ambassadrices de l\u2019Alliance ADN<\/h4>\t\t\t\t\t\t<\/div>\n\t\t\t\t<\/div>\n\t\t\t\t<div class=\"elementor-element elementor-element-35c2b61 elementor-align-center elementor-widget elementor-widget-button\" data-id=\"35c2b61\" data-element_type=\"widget\" data-widget_type=\"button.default\">\n\t\t\t\t<div class=\"elementor-widget-container\">\n\t\t\t\t\t<div class=\"elementor-button-wrapper\">\n\t\t\t<a class=\"elementor-button elementor-button-link elementor-size-sm\" href=\"https:\/\/www.virtuo-reality.com\/F15220PT22\/42436520p&#038;61.33h&#038;83.49t\" target=\"_blank\">\n\t\t\t\t\t\t<span class=\"elementor-button-content-wrapper\">\n\t\t\t\t\t\t<span class=\"elementor-button-text\">Cliquez ici<\/span>\n\t\t<\/span>\n\t\t\t\t\t<\/a>\n\t\t<\/div>\n\t\t\t\t<\/div>\n\t\t\t\t<\/div>\n\t\t\t\t\t<\/div>\n\t\t\t\t<\/div>\n\t\t\t\t<\/div>\n\t\t","protected":false},"excerpt":{"rendered":"<p>L&rsquo;alliance Rejoignez l\u2019Alliance Angus Destination Neuroinclusive, votre porte d\u2019entr\u00e9e vers les services en employabilit\u00e9 neuroinclusive offerts par \u00c0 pas de g\u00e9ant pour la communaut\u00e9 d\u2019Angus et de l\u2019Est de Montr\u00e9al! Tout ce qui vous est demand\u00e9, c\u2019est un engagement \u00e0 soutenir la vision de faire du quartier Angus et l\u2019Est de Montr\u00e9al la destination la [&hellip;]<\/p>\n","protected":false},"author":1,"featured_media":0,"parent":0,"menu_order":0,"comment_status":"closed","ping_status":"closed","template":"","meta":{"footnotes":""},"class_list":["post-157","page","type-page","status-publish","hentry"],"yoast_head":"<!-- This site is optimized with the Yoast SEO plugin v25.0 - https:\/\/yoast.com\/wordpress\/plugins\/seo\/ -->\n<title>L&#039;alliance - Angus Destination Neuroinclusive<\/title>\n<meta name=\"robots\" content=\"index, follow, max-snippet:-1, max-image-preview:large, max-video-preview:-1\" \/>\n<link rel=\"canonical\" href=\"https:\/\/angusdestinationneuroinclusive.com\/index.php\/lalliance\/\" \/>\n<meta property=\"og:locale\" content=\"fr_FR\" \/>\n<meta property=\"og:type\" content=\"article\" \/>\n<meta property=\"og:title\" content=\"L&#039;alliance - Angus Destination Neuroinclusive\" \/>\n<meta property=\"og:description\" content=\"L&rsquo;alliance Rejoignez l\u2019Alliance Angus Destination Neuroinclusive, votre porte d\u2019entr\u00e9e vers les services en employabilit\u00e9 neuroinclusive offerts par \u00c0 pas de g\u00e9ant pour la communaut\u00e9 d\u2019Angus et de l\u2019Est de Montr\u00e9al! Tout ce qui vous est demand\u00e9, c\u2019est un engagement \u00e0 soutenir la vision de faire du quartier Angus et l\u2019Est de Montr\u00e9al la destination la [&hellip;]\" \/>\n<meta property=\"og:url\" content=\"https:\/\/angusdestinationneuroinclusive.com\/index.php\/lalliance\/\" \/>\n<meta property=\"og:site_name\" content=\"Angus Destination Neuroinclusive\" \/>\n<meta property=\"article:modified_time\" content=\"2024-04-09T16:52:36+00:00\" \/>\n<meta name=\"twitter:card\" content=\"summary_large_image\" \/>\n<meta name=\"twitter:label1\" content=\"Dur\u00e9e de lecture estim\u00e9e\" \/>\n\t<meta name=\"twitter:data1\" content=\"2 minutes\" \/>\n<script type=\"application\/ld+json\" class=\"yoast-schema-graph\">{\"@context\":\"https:\/\/schema.org\",\"@graph\":[{\"@type\":\"WebPage\",\"@id\":\"https:\/\/angusdestinationneuroinclusive.com\/index.php\/lalliance\/\",\"url\":\"https:\/\/angusdestinationneuroinclusive.com\/index.php\/lalliance\/\",\"name\":\"L'alliance - Angus Destination Neuroinclusive\",\"isPartOf\":{\"@id\":\"https:\/\/angusdestinationneuroinclusive.com\/#website\"},\"datePublished\":\"2024-04-09T00:03:44+00:00\",\"dateModified\":\"2024-04-09T16:52:36+00:00\",\"breadcrumb\":{\"@id\":\"https:\/\/angusdestinationneuroinclusive.com\/index.php\/lalliance\/#breadcrumb\"},\"inLanguage\":\"fr-FR\",\"potentialAction\":[{\"@type\":\"ReadAction\",\"target\":[\"https:\/\/angusdestinationneuroinclusive.com\/index.php\/lalliance\/\"]}]},{\"@type\":\"BreadcrumbList\",\"@id\":\"https:\/\/angusdestinationneuroinclusive.com\/index.php\/lalliance\/#breadcrumb\",\"itemListElement\":[{\"@type\":\"ListItem\",\"position\":1,\"name\":\"Accueil\",\"item\":\"https:\/\/angusdestinationneuroinclusive.com\/\"},{\"@type\":\"ListItem\",\"position\":2,\"name\":\"L&rsquo;alliance\"}]},{\"@type\":\"WebSite\",\"@id\":\"https:\/\/angusdestinationneuroinclusive.com\/#website\",\"url\":\"https:\/\/angusdestinationneuroinclusive.com\/\",\"name\":\"Angus Destination Neuroinclusive\",\"description\":\"\",\"publisher\":{\"@id\":\"https:\/\/angusdestinationneuroinclusive.com\/#organization\"},\"potentialAction\":[{\"@type\":\"SearchAction\",\"target\":{\"@type\":\"EntryPoint\",\"urlTemplate\":\"https:\/\/angusdestinationneuroinclusive.com\/?s={search_term_string}\"},\"query-input\":{\"@type\":\"PropertyValueSpecification\",\"valueRequired\":true,\"valueName\":\"search_term_string\"}}],\"inLanguage\":\"fr-FR\"},{\"@type\":\"Organization\",\"@id\":\"https:\/\/angusdestinationneuroinclusive.com\/#organization\",\"name\":\"Angus Destination Neuroinclusive\",\"url\":\"https:\/\/angusdestinationneuroinclusive.com\/\",\"logo\":{\"@type\":\"ImageObject\",\"inLanguage\":\"fr-FR\",\"@id\":\"https:\/\/angusdestinationneuroinclusive.com\/#\/schema\/logo\/image\/\",\"url\":\"https:\/\/angusdestinationneuroinclusive.com\/wp-content\/uploads\/2024\/02\/ADN_Logo_Petit_Couleur_Horizontal.png\",\"contentUrl\":\"https:\/\/angusdestinationneuroinclusive.com\/wp-content\/uploads\/2024\/02\/ADN_Logo_Petit_Couleur_Horizontal.png\",\"width\":427,\"height\":171,\"caption\":\"Angus Destination Neuroinclusive\"},\"image\":{\"@id\":\"https:\/\/angusdestinationneuroinclusive.com\/#\/schema\/logo\/image\/\"}}]}<\/script>\n<!-- \/ Yoast SEO plugin. -->","yoast_head_json":{"title":"L'alliance - Angus Destination Neuroinclusive","robots":{"index":"index","follow":"follow","max-snippet":"max-snippet:-1","max-image-preview":"max-image-preview:large","max-video-preview":"max-video-preview:-1"},"canonical":"https:\/\/angusdestinationneuroinclusive.com\/index.php\/lalliance\/","og_locale":"fr_FR","og_type":"article","og_title":"L'alliance - Angus Destination Neuroinclusive","og_description":"L&rsquo;alliance Rejoignez l\u2019Alliance Angus Destination Neuroinclusive, votre porte d\u2019entr\u00e9e vers les services en employabilit\u00e9 neuroinclusive offerts par \u00c0 pas de g\u00e9ant pour la communaut\u00e9 d\u2019Angus et de l\u2019Est de Montr\u00e9al! Tout ce qui vous est demand\u00e9, c\u2019est un engagement \u00e0 soutenir la vision de faire du quartier Angus et l\u2019Est de Montr\u00e9al la destination la [&hellip;]","og_url":"https:\/\/angusdestinationneuroinclusive.com\/index.php\/lalliance\/","og_site_name":"Angus Destination Neuroinclusive","article_modified_time":"2024-04-09T16:52:36+00:00","twitter_card":"summary_large_image","twitter_misc":{"Dur\u00e9e de lecture estim\u00e9e":"2 minutes"},"schema":{"@context":"https:\/\/schema.org","@graph":[{"@type":"WebPage","@id":"https:\/\/angusdestinationneuroinclusive.com\/index.php\/lalliance\/","url":"https:\/\/angusdestinationneuroinclusive.com\/index.php\/lalliance\/","name":"L'alliance - Angus Destination Neuroinclusive","isPartOf":{"@id":"https:\/\/angusdestinationneuroinclusive.com\/#website"},"datePublished":"2024-04-09T00:03:44+00:00","dateModified":"2024-04-09T16:52:36+00:00","breadcrumb":{"@id":"https:\/\/angusdestinationneuroinclusive.com\/index.php\/lalliance\/#breadcrumb"},"inLanguage":"fr-FR","potentialAction":[{"@type":"ReadAction","target":["https:\/\/angusdestinationneuroinclusive.com\/index.php\/lalliance\/"]}]},{"@type":"BreadcrumbList","@id":"https:\/\/angusdestinationneuroinclusive.com\/index.php\/lalliance\/#breadcrumb","itemListElement":[{"@type":"ListItem","position":1,"name":"Accueil","item":"https:\/\/angusdestinationneuroinclusive.com\/"},{"@type":"ListItem","position":2,"name":"L&rsquo;alliance"}]},{"@type":"WebSite","@id":"https:\/\/angusdestinationneuroinclusive.com\/#website","url":"https:\/\/angusdestinationneuroinclusive.com\/","name":"Angus Destination Neuroinclusive","description":"","publisher":{"@id":"https:\/\/angusdestinationneuroinclusive.com\/#organization"},"potentialAction":[{"@type":"SearchAction","target":{"@type":"EntryPoint","urlTemplate":"https:\/\/angusdestinationneuroinclusive.com\/?s={search_term_string}"},"query-input":{"@type":"PropertyValueSpecification","valueRequired":true,"valueName":"search_term_string"}}],"inLanguage":"fr-FR"},{"@type":"Organization","@id":"https:\/\/angusdestinationneuroinclusive.com\/#organization","name":"Angus Destination Neuroinclusive","url":"https:\/\/angusdestinationneuroinclusive.com\/","logo":{"@type":"ImageObject","inLanguage":"fr-FR","@id":"https:\/\/angusdestinationneuroinclusive.com\/#\/schema\/logo\/image\/","url":"https:\/\/angusdestinationneuroinclusive.com\/wp-content\/uploads\/2024\/02\/ADN_Logo_Petit_Couleur_Horizontal.png","contentUrl":"https:\/\/angusdestinationneuroinclusive.com\/wp-content\/uploads\/2024\/02\/ADN_Logo_Petit_Couleur_Horizontal.png","width":427,"height":171,"caption":"Angus Destination Neuroinclusive"},"image":{"@id":"https:\/\/angusdestinationneuroinclusive.com\/#\/schema\/logo\/image\/"}}]}},"_links":{"self":[{"href":"https:\/\/angusdestinationneuroinclusive.com\/index.php\/wp-json\/wp\/v2\/pages\/157","targetHints":{"allow":["GET"]}}],"collection":[{"href":"https:\/\/angusdestinationneuroinclusive.com\/index.php\/wp-json\/wp\/v2\/pages"}],"about":[{"href":"https:\/\/angusdestinationneuroinclusive.com\/index.php\/wp-json\/wp\/v2\/types\/page"}],"author":[{"embeddable":true,"href":"https:\/\/angusdestinationneuroinclusive.com\/index.php\/wp-json\/wp\/v2\/users\/1"}],"replies":[{"embeddable":true,"href":"https:\/\/angusdestinationneuroinclusive.com\/index.php\/wp-json\/wp\/v2\/comments?post=157"}],"version-history":[{"count":13,"href":"https:\/\/angusdestinationneuroinclusive.com\/index.php\/wp-json\/wp\/v2\/pages\/157\/revisions"}],"predecessor-version":[{"id":170,"href":"https:\/\/angusdestinationneuroinclusive.com\/index.php\/wp-json\/wp\/v2\/pages\/157\/revisions\/170"}],"wp:attachment":[{"href":"https:\/\/angusdestinationneuroinclusive.com\/index.php\/wp-json\/wp\/v2\/media?parent=157"}],"curies":[{"name":"wp","href":"https:\/\/api.w.org\/{rel}","templated":true}]}}